3
In base 3, what is -1 - -12021?
12020
In base 10, what is 143 - 22?
121
In base 5, what is -12 + 214?
202
In base 7, what is -423 - -5?
-415
In base 4, what is -1 + -11320?
-11321
In base 13, what is -36 + -33?
-69
In base 12, what is 25 - -3?
28
In base 12, what is -5 + 858?
853
In base 5, what is -4 + -321?
-330
In base 4, what is 10 - -220331?
221001
In base 2, what is 1110 + -100010?
-10100
In base 8, what is 5 - 5271?
-5264
In base 3, what is 10 - -222?
1002
In base 5, what is -21042 - 0?
-21042
In base 8, what is 3 + -15?
-12
In base 10, what is 1 - 749?
-748
In base 15, what is -42 - -6?
-3b
In base 2, what is -101100001 + 101?
-101011100
In base 9, what is -103 + 4?
-88
In base 4, what is -212 + -3322?
-10200
In base 2, what is 10011011101 + 100?
10011100001
In base 9, what is -2 + 446?
444
In base 3, what is 20 - 11?
2
In base 15, what is 7 - 777?
-770
In base 14, what is 72 + -3?
6d
In base 2, what is -100 + 11110000111?
11110000011
In base 9, what is 22 + 302?
324
In base 5, what is -40 - -4122?
4032
In base 8, what is 10 - -452?
462
In base 8, what is 1 + -47?
-46
In base 5, what is -141 + -12?
-203
In base 14, what is -10 - 4a?
-5a
In base 15, what is 2 - -c8?
ca
In base 3, what is -1 - 12012?
-12020
In base 15, what is 12 + 15?
27
In base 6, what is -4 - 1443?
-1451
In base 7, what is -1211 + 43?
-1135
In base 15, what is -d0 + 5?
-ca
In base 13, what is -ac + -7?
-b6
In base 5, what is 14 + -23?
-4
In base 16, what is 7 - e?
-7
In base 13, what is -2 + -6ab?
-6b0
In base 4, what is 32 + 102?
200
In base 5, what is -11 + 2?
-4
In base 6, what is -1 - 1032?
-1033
In base 12, what is 3 + -1118?
-1115
In base 13, what is 6a - 27?
43
In base 9, what is -82 - 235?
-327
In base 4, what is 10 + 122?
132
In base 15, what is -be + 1?
-bd
In base 3, what is 102 + 1100?
1202
In base 3, what is 10 + -10000?
-2220
In base 4, what is -10 - 303?
-313
In base 13, what is -2 + -154?
-156
In base 15, what is -21d2 - 4?
-21d6
In base 3, what is 12 + 22200?
22212
In base 2, what is 111 + -101100?
-100101
In base 10, what is -26 + -8?
-34
In base 6, what is 1134 + -10?
1124
In base 2, what is -100 - -10110111011?
10110110111
In base 12, what is -a58 - -7?
-a51
In base 12, what is 513 - 6?
509
In base 10, what is -2 - 14?
-16
In base 9, what is 1 + 464?
465
In base 15, what is -1 + 2c?
2b
In base 2, what is 1000100 - 11000?
101100
In base 9, what is 1007 - 21?
876
In base 3, what is -1110 + -221120?
-1000000
In base 7, what is -2 - -242?
240
In base 13, what is -4 - 22a9?
-22b0
In base 4, what is 102 - 23?
13
In base 13, what is -19 + 3?
-16
In base 9, what is -1 + -1362?
-1363
In base 10, what is -217 + 3?
-214
In base 4, what is 1 - -13?
20
In base 12, what is 16 + 49?
63
In base 9, what is 11854 + 2?
11856
In base 5, what is -10 - 10021?
-10031
In base 6, what is -5 - -50?
41
In base 11, what is 3 + -274?
-271
In base 8, what is 160 + -111?
47
In base 14, what is 1c - 0?
1c
In base 8, what is 14 + -4?
10
In base 9, what is -4 - -4886?
4882
In base 14, what is -2 - 5?
-7
In base 15, what is 11 + -b0?
-9e
In base 12, what is -2 + -310?
-312
In base 6, what is 1121 - -5?
1130
In base 4, what is 11 - 30?
-13
In base 3, what is -10 - -111001?
110221
In base 10, what is 5 - -3998?
4003
In base 8, what is -2 - 171?
-173
In base 15, what is -2 + -ad5?
-ad7
In base 8, what is -33 + -157?
-212
In base 3, what is -1012 + -12?
-1101
In base 7, what is -3 + 65?
62
In base 13, what is 5 - -4aa?
4b2
In base 9, what is -4 + -23?
-27
In base 11, what is a2 + 1?
a3
In base 5, what is 2204 - -3?
2212
In base 4, what is -223 - -11?
-212
In base 12, what is b273 + 3?
b276
In base 10, what is -1 - 825?
-826
In base 8, what is 10 - -16?
26
In base 2, what is 11111 + 111?
100110
In base 11, what is -123 - 5?
-128
In base 4, what is -1001 + -10?
-1011
In base 7, what is -1314 + 2?
-1312
In base 3, what is 1 + 11212?
11220
In base 13, what is 240 - -1?
241
In base 3, what is 11 - -122?
210
In base 4, what is -21 + -20?
-101
In base 14, what is 3 + 111?
114
In base 2, what is 1110 - 1100100?
-1010110
In base 4, what is -1 - -210?
203
In base 9, what is -4 - -378?
374
In base 12, what is 14 + 12?
26
In base 2, what is 101 + 111110?
1000011
In base 2, what is -101011000 - -1?
-101010111
In base 2, what is 0 - 1000010?
-1000010
In base 3, what is 210 - -22001?
22211
In base 4, what is -2 - 21100?
-21102
In base 4, what is -122 - 1023?
-1211
In base 12, what is -3 - -75?
72
In base 15, what is -25 + -2?
-27
In base 6, what is 5233 + -3?
5230
In base 6, what is 3053 + -4?
3045
In base 11, what is 2 + -333?
-331
In base 16, what is -b - -5?
-6
In base 16, what is -5 - 53?
-58
In base 5, what is -4 + 11431?
11422
In base 8, what is -3 - 217?
-222
In base 2, what is 100100101 - -10010?
100110111
In base 11, what is -10 + -2?
-12
In base 2, what is -101111111101 - -1?
-101111111100
In base 13, what is -13 - 21?
-34
In base 16, what is 4 + 4b?
4f
In base 12, what is 0 - -118?
118
In base 8, what is 123 + 16?
141
In base 12, what is 13811 + -5?
13808
In base 16, what is -45 + -8b?
-d0
In base 9, what is 226 + -5?
221
In base 6, what is -5 - 3314?
-3323
In base 7, what is 1 + 642?
643
In base 14, what is -3c0 - -5?
-3b9
In base 11, what is 19 + 100?
119
In base 2, what is 11 - 10000011111?
-10000011100
In base 2, what is -11 - 1000000110?
-1000001001
In base 10, what is 111 + 3?
114
In base 15, what is -1 + 96?
95
In base 2, what is -1 - 100101000100?
-100101000101
In base 4, what is 11 - -310202?
310213
In base 3, what is 1 - -12?
20
In base 2, what is 101 - 1011111?
-1011010
In base 13, what is 1 + 6a?
6b
In base 2, what is 110 - 101111?
-101001
In base 8, what is 16 + 10?
26
In base 6, what is -33 + -43?
-120
In base 4, what is -1112323 - 10?
-1112333
In base 12, what is -17 - -1a?
3
In base 13, what is -380 + 2?
-37b
In base 2, what is 101011 + 0?
101011
In base 14, what is -a - 2?
-c
In base 3, what is -111 - -202?
21
In base 5, what is -1001 + 13?
-433
In base 9, what is 1460 + 5?
1465
In base 8, what is -565 + -4?
-571
In base 16, what is -d + -1a?
-27
In base 5, what is 1 + 23?
24
In base 15, what is -11 - -20?
e
In base 7, what is -235 + 6?
-226
In base 16, what is -6 - 220?
-226
In base 2, what is 10000 - -1010101?
1100101
In base 2, what is 11 - -100000100?
100000111
In base 16, what is -a - 3?
-d
In base 10, what is -11 - -7?
-4
In base 9, what is -8 + -180?
-188
In base 6, what is -1233 - 123?
-1400
In base 10, what is 2101 - 12?
2089
In base 10, what is 2500 + 5?
2505
In base 10, what is 109 - 15?
94
In base 2, what is 1110011 - -1011010?
11001101
In base 3, what is 2 + 201110?
201112
In base 8, what is -312 + -232?
-544
In base 5, what is -1 - 211442?
-211443
In base 16, what is -21 + -2?
-23
In base 8, what is 57 - 0?
57
In base 11, what is -177 + -4?
-180
In base 16, what is -cb6 - 0?
-cb6
In base 2, what is 1001 + 1001011011?
1001100100
In base 11, what is 260 - 1?
25a
In base 16, what is 1ad - 5?
1a8
In base 11, what is 314 + 1?
315
In base 5, what is 14 + -1?
13
In base 12, what is 1729 + -2?
1727
In base 2, what is -11001110111 + -11?
-11001111010
In base 13, what is c5 - 12?
b3
In base 9, what is 6355 - -2?
6357
In base 6, what is -55 - 42?
-141
In base 8, what is 31 + -47?
-16
In base 2, what is -10 + -10010111?
-10011001
In base 12, what is -8 - -51?
45
In base 4, what is 13002 + 22?
13030
In base 3, what is -110 + 1?
-102
In base 14, what is -413 - -3?
-410
In base 8, what is -513 + -4?
-517
In base 4, what is 0 + -10102?
-10102
In base 4, what is -11 + -10211?
-10222
In base 14, what is -6 - 26?
-2c
In base 12, what is bb9 - 0?
bb9
In base 12, what is 28 - 59?
-31
In base 16, what is -42d + 2?
-42b
In base 6, what is 11 + 25?
40
In base 16, what is 645 + -3?
642
In base 13, what is 125 + -5?
120
In base 2, what is 1 - -1001101?
1001110
In base 11, what is 43 - 160?
-118
In base 6, what is 4 - -400?
404
In base 7, what is -532 + -3?
-535
In base 10, what is -72 + -7?
-79
In base 14, what is a + -39?
-2d
In base 3, what is -1121101222 - 10?
-1121102002
In base 3, what is 12 + -11002?
-10220
In base 5, what is 4102 + 14?
4121
In base 16, what is -53 - -5?
-4e
In base 2, what is -100 + -111101101?
-111110001
In base 5, what is -10 + -43?
-103
In base 10, wha